b**2 - 8*b + 10. What is o(-15)?
-95
Let k(r) = -3*r**2 + 237*r - 1119. Calculate k(74).
-9
Let r(b) = 6*b**2 - 344*b + 46. Calculate r(57).
-68
Let k(y) = -y**3 - 16*y**2 - 5*y + 211. Determine k(-15).
61
Let v(u) = -u**2 - 19*u + 180. Determine v(-26).
-2
Let y(d) = 2*d**2 - 58*d + 161. What is y(20)?
-199
Let z(s) = -s**3 + 57*s**2 + 58*s + 11. Give z(58).
11
Let v(j) = j**2 - 106*j - 5798. Determine v(146).
42
Let f(m) = 4*m**3 + 153*m**2 + 182*m - 118. Calculate f(-37).
-7
Let a(h) = -4*h**3 - h**2 - 13*h - 5. Give a(-3).
133
Let p(v) = -v**3 + v + 11. Calculate p(2).
5
Let i(o) = 292*o**2 + 1762*o + 14. Determine i(-6).
-46
Let j(k) = -3*k**3 - k**2 - 3*k + 15. Give j(2).
-19
Let q(d) = 98*d - 493. What is q(5)?
-3
Let w(o) = 40*o + 1281. Give w(-31).
41
Let k(g) = 10*g**2 + 67*g + 8. Determine k(-6).
-34
Let c(v) = 2808*v + 2849. Give c(-1).
41
Let c(u) = -1738*u - 10486. Determine c(-6).
-58
Let l(g) = -2*g**3 + 6*g**2 + 3*g + 2. Determine l(5).
-83
Let x(b) = -4*b**3 + 4*b**2 + 11*b + 20. What is x(6)?
-634
Let w(f) = -10*f**2 - 75*f - 77. Determine w(-6).
13
Let k(p) = -2*p**3 + 4*p**2 - 1042*p + 1038. Determine k(1).
-2
Let z(n) = 6*n**3 - 82*n**2 - 28*n + 6. Calculate z(14).
6
Let o(r) = 2*r**3 - 27*r**2 - 12*r + 4. Calculate o(14).
32
Let n(b) = 2*b**3 - 15*b**2 + 42*b - 16. Calculate n(3).
29
Let n(g) = -211*g - 71. What is n(-2)?
351
Let k(i) = i**3 + 20*i**2 + 36*i - 644. Give k(-10).
-4
Let l(j) = j**2 - 2*j + 10. Give l(-10).
130
Let h(u) = 94*u - 555. Determine h(6).
9
Let n(b) = -b**3 - 9*b**2 + 50*b - 116. Calculate n(-13).
-90
Let t(k) = -5*k**2 - 68*k - 182. What is t(-9)?
25
Let y(g) = 9*g**3 + 4*g**2 + 8*g - 4. Give y(-2).
-76
Let x(n) = -15*n**3 - 4*n - 5. Calculate x(-2).
123
Let t(u) = 6*u**3 - 7*u**2 - 9*u + 14. Determine t(2).
16
Let j(p) = -71*p**2 - 24*p + 1. Determine j(1).
-94
Let g(x) = x**3 - 35*x**2 - 5*x - 1119. Calculate g(36).
-3
Let i(r) = r**3 - 14*r**2 + 68*r - 719. Determine i(13).
-4
Let g(f) = 993*f**2 - 5962*f + 23. Give g(6).
-1
Let k(l) = 31*l**3 + 4*l**2 - 39*l + 33. Give k(1).
29
Let q(i) = -3*i**2 + 67*i + 58. Determine q(22).
80
Let i(h) = h**3 - 34*h**2 + 63*h - 7. Give i(32).
-39
Let h(y) = 853*y - 855. What is h(1)?
-2
Let l(c) = 549*c**2 + 4*c + 1. Determine l(-1).
546
Let s(l) = -2*l + 95. Calculate s(-9).
113
Let s(k) = -k**3 - 26*k**2 - 6*k - 146. What is s(-26)?
10
Let v(o) = -5*o - 7. What is v(14)?
-77
Let s(p) = -p**2 + 20*p - 37. What is s(21)?
-58
Let q(p) = 19*p - 27. Give q(5).
68
Let a(h) = 5*h**3 + 13*h**2 + 3*h - 3. What is a(-2)?
3
Let z(q) = -q**3 - 30*q**2 + 259*q + 8348. Determine z(-29).
-4
Let l(i) = -38*i - 281. What is l(-9)?
61
Let i(t) = -t**3 + 78*t**2 + 781*t + 215. Calculate i(87).
41
Let o(l) = 8*l + 125. Calculate o(-13).
21
Let l(x) = -3*x + 121. Give l(6).
103
Let z(s) = 3*s**3 + 60*s**2 + 56*s - 7. Determine z(-19).
12
Let m(j) = 11*j**2 - 134*j - 150. Calculate m(-1).
-5
Let r(f) = -62*f**3 + 16*f - 15. Determine r(1).
-61
Let k(b) = 26*b**2 - 1533*b - 58. Give k(59).
1
Let w(n) = -2*n**2 + 30*n - 137. Calculate w(19).
-289
Let z(y) = y**3 + 35*y**2 + 278*y + 36. Give z(-12).
12
Let r(m) = -104*m - 2192. What is r(-21)?
-8
Let a(x) = -2*x**3 - 12*x**2 + 183*x + 3. Give a(-13).
-10
Let i(s) = 18*s + 69. Give i(3).
123
Let b(v) = -3*v**2 + 11*v + 10. Give b(9).
-134
Let z(y) = 610*y**3 + 20131*y**2 + 34*y + 39. Calculate z(-33).
6
Let s(f) = -f**2 - 274*f + 3428. Determine s(12).
-4
Let z(y) = -y - 286. Calculate z(-56).
-230
Let u(b) = -3*b**3 - 33*b**2 - 9*b - 15. Calculate u(-10).
-225
Let t(b) = 7055*b + 21157. Determine t(-3).
-8
Let r(c) = 3566*c - 3642. Give r(1).
-76
Let f(s) = -s**2 - 13*s + 83. Determine f(-15).
53
Let u(b) = -b**3 + 25*b**2 - 48*b + 56. What is u(23)?
10
Let l(u) = -u**2 - 20*u - 83. What is l(-16)?
-19
Let b(n) = n**3 + 28*n**2 + 192*n - 41. Give b(-15).
4
Let w(h) = -h**3 + 131*h**2 - 130*h + 3. Give w(130).
3
Let c(g) = g**3 - 4*g**2 - 17*g - 20. Determine c(7).
8
Let v(n) = -2*n**2 - 128*n - 219. Give v(-7).
579
Let w(t) = 1057*t - 12682. Calculate w(12).
2
Let a(i) = -4*i**2 + 167*i + 581. Calculate a(45).
-4
Let m(p) = 4*p**2 - 10*p - 2. Calculate m(4).
22
Let c(k) = -53*k + 1188. Determine c(19).
181
Let h(q) = -40*q + 1154. Give h(31).
-86
Let i(n) = 62*n + 958. Calculate i(-16).
-34
Let d(q) = -83*q + 805. Give d(12).
-191
Let c(k) = 15*k + 713. Determine c(-43).
68
Let z(t) = -206*t + 1247. Determine z(6).
11
Let a(f) = -14*f**3 + 2*f**2 + 29*f + 50. Calculate a(-2).
112
Let i(s) = -20*s**2 + 6394*s + 1916. Give i(320).
-4
Let w(l) = l**3 + 33*l**2 + 63*l - 4. Give w(-31).
-35
Let r(z) = 185*z + 922. What is r(-5)?
-3
Let f(a) = 35*a + 49. Determine f(-4).
-91
Let q(z) = 1096*z + 213736. Give q(-195).
16
Let z(o) = -2*o**3 + 51*o**2 - 24*o + 17. Determine z(25).
42
Let n(f) = 5956*f + 41699. Determine n(-7).
7
Let k(z) = z**3 + 17*z**2 - 39*z + 93. Calculate k(-19).
112
Let y(w) = -w**2 - 3*w + 11. Give y(-6).
-7
Let a(x) = -12*x - 81. Give a(-23).
195
Let k(b) = 3*b**3 + 19*b**2 - 10*b + 8. Calculate k(-6).
104
Let n(a) = 121*a - 4846. Give n(40).
-6
Let d(s) = -38*s**3 + 5*s**2 - 12*s + 6. Calculate d(1).
-39
Let z(p) = -39*p**2 + 38*p - 25. Give z(3).
-262
Let t(m) = 23*m**2 - 9*m - 1. Determine t(-1).
31
Let q(r) = 7*r**3 - r**2 + r - 4. Calculate q(-3).
-205
Let q(a) = -10*a - 20. What is q(-5)?
30
Let r(m) = 13*m - 715. Calculate r(11).
-572
Let f(s) = s**3 + 13*s**2 + 9*s + 389. Determine f(-14).
67
Let a(s) = -87*s - 3732. What is a(-42)?
-78
Let n(g) = g**3 + 2*g**2 - 31*g - 41. Determine n(-5).
39
Let p(z) = 36*z**2 + 593*z - 326. What is p(-17)?
-3
Let h(a) = 4*a**2 + 17*a - 34. What is h(-10)?
196
Let d(f) = 129*f - 886. What is d(7)?
17
Let b(w) = 5*w + 54. Give b(18).
144
Let l(a) = -a**2 + 100*a - 2146. Give l(30).
-46
Let y(z) = -z**2 + 4*z + 40. Determine y(-5).
-5
Let j(b) = -523*b - 1050. Calculate j(-2).
-4
Let a(r) = -10*r**2 + 15*r + 38. Calculate a(-3).
-97
Let o(j) = -12*j**2 - 145*j - 21. Determine o(-12).
-9
Let f(h) = -2*h**3 - 4*h**2 + 14*h - 32. Calculate f(-5).
48
Let l(y) = -y**2 - 33*y - 199. What is l(-9)?
17
Let f(q) = -129*q + 10. Calculate f(1).
-119
Let w(y) = -y**2 - y - 25. Give w(10).
-135
Let s(n) = 879*n + 33401. Give s(-38).
-1
Let x(h) = -h**3 - 25*h**2 + 61*h - 119. Determine x(-27).
-308
Let i(j) = -j**3 + 75*j**2 + 186*j - 8365. What is i(76)?
-5
Let r(v) = v**3 + 66*v**2 + 121*v - 253. Give r(-64).
195
Let b(h) = h**2 - 95*h - 2211. What is b(-18)?
-177
Let s(y) = y**3 - 38*y**2 + 134*y + 63. Give s(34).
-5
Let f(u) = 3057*u + 24451. Determine f(-8).
-5
Let f(q) = q**3 + 9*q**2 - 32*q + 50. Determine f(-13).
-210
Let n(b) = b**3 + 8*b**2 - 2*b + 57. What is n(-8)?
73
Let t(z) = -6*z**2 - 5*z + 11. What is t(-8)?
-333
Let t(j) = -20*j**2 + 163*j - 24. Calculate t(8).
0
Let u(l) = -l**3 + 32*l**2 + 55*l + 451. Calculate u(34).
9
Let v(g) = -g**2 + 123*g - 2535. Calculate v(97).
-13
Let m(r) = r**2 + 26*r - 147. Calculate m(6).
45
Let s(c) = c**3 + 6*c**2 - 29*c - 121. Determine s(-8).
-17
Let g(a) = -80*a**2 - 357*a - 12. Calculate g(-5).
-227
Let l(f) = -f**3 - 4*f**2 - 41*f - 17. What is l(0)?
-17
Let s(h) = 79*h - 3175. Give s(42).
143
Let y(f) = f**3 - 63*f**2 + 85. Give y(63).
85
Let j(g) = g**2 + 145*g - 6733. Calculate j(37).
1
Let j(b) = -b**2 + 6*b + 10. What is j(4)?
18
Let i(v) = 6*v + 209. Give i(-36).
-7
Let l(r) = 7*r**3 - 5*r**2 - 7*r - 15. Give l(-4).
-515
Let r(l) = -58*l + 424. Calculate r(7).
18
Let l(w) = -w**2 + 4*w + 3326. Determine l(-55).
81
Let b(x) = 6*x**3 + 59*x**2 + 26*x - 180. Determine b(-9).
-9
Let x(u) = 2*u**3 + 26*u**2 + 2*u - 246. Determine x(-12).
18
Let i(j) = -j**3 - 9*j**2 - 3*j - 11. What is i(-6)?
-101
Let t(v) = 96*v**2 + 119*v + 26. What is t(-1)?
3
Let r(q) = 2*q**3 + 71*q**2 + 102*q - 79. What is r(-34)?
-79
Let z(i) = -i**3 - 4*i**2 - 4*i - 6. Give z(-2).
-6
Let v(x) = -3*x**3 - 368*x**2 + 5289*x + 13. Calculate v(13).
-13
Let s(j) = -j**3 + 12*j**2 - 67*j - 15. What is s(5)?
-175
Let k(y) = y**3 - 9*y**2 - 144*y + 1180. Calculate k(9).
-116
Let s(a) = a**3 - 16*a**2 - 80*a + 1045. What is s(17)?
-26
Let n(j) = 2*j**3 - 506*j**2 - 1000*j - 5096. Calculate n(255).
4
Let u(n) = n**3 - 130*n**2 + 16*n - 2137. Give u(130).
-57
